{"id":18,"date":"2024-09-28T09:28:41","date_gmt":"2024-09-28T09:28:41","guid":{"rendered":"https:\/\/kildu.ee\/kulalistemaja\/avaleht\/"},"modified":"2024-10-11T16:56:13","modified_gmt":"2024-10-11T16:56:13","slug":"avaleht","status":"publish","type":"page","link":"https:\/\/kildu.ee\/kulalistemaja\/","title":{"rendered":"Avaleht"},"content":{"rendered":"\n<div class=\"wp-block-group alignfull has-background-background-color has-background has-global-padding is-layout-constrained wp-container-core-group-is-layout-832022f9 wp-block-group-is-layout-constrained\" style=\"margin-top:0;margin-bottom:0;padding-top:0;padding-right:0;padding-bottom:0;padding-left:0\">\n<div class=\"wp-block-cover alignfull is-light\" style=\"min-height:80vh;aspect-ratio:unset;\"><span aria-hidden=\"true\" class=\"wp-block-cover__background has-background-dim-0 has-background-dim\" style=\"background-color:#8f8d89\"><\/span><img loading=\"lazy\" decoding=\"async\" width=\"2208\" height=\"789\" class=\"wp-block-cover__image-background wp-image-74\" alt=\"\" src=\"https:\/\/kildu.ee\/kulalistemaja\/wp-content\/uploads\/2024\/09\/KilduMajauld.jpg\" data-object-fit=\"cover\" srcset=\"https:\/\/kildu.ee\/kulalistemaja\/wp-content\/uploads\/2024\/09\/KilduMajauld.jpg 2208w, https:\/\/kildu.ee\/kulalistemaja\/wp-content\/uploads\/2024\/09\/KilduMajauld-300x107.jpg 300w, https:\/\/kildu.ee\/kulalistemaja\/wp-content\/uploads\/2024\/09\/KilduMajauld-1024x366.jpg 1024w, https:\/\/kildu.ee\/kulalistemaja\/wp-content\/uploads\/2024\/09\/KilduMajauld-768x274.jpg 768w, https:\/\/kildu.ee\/kulalistemaja\/wp-content\/uploads\/2024\/09\/KilduMajauld-1536x549.jpg 1536w, https:\/\/kildu.ee\/kulalistemaja\/wp-content\/uploads\/2024\/09\/KilduMajauld-2048x732.jpg 2048w\" sizes=\"auto, (max-width: 2208px) 100vw, 2208px\" \/><div class=\"wp-block-cover__inner-container is-layout-flow wp-block-cover-is-layout-flow\">\n<div class=\"wp-block-group is-horizontal is-content-justification-center is-layout-flex wp-container-core-group-is-layout-53092dc9 wp-block-group-is-layout-flex\" style=\"padding-top:var(--wp--preset--spacing--80);padding-bottom:var(--wp--preset--spacing--80)\">\n<div class=\"wp-block-group alignwide has-global-padding is-content-justification-left is-layout-constrained wp-container-core-group-is-layout-adab5277 wp-block-group-is-layout-constrained\" style=\"padding-top:0;padding-right:0;padding-bottom:0;padding-left:0\">\n<div class=\"wp-block-group wp-elements-af8b39c162d7a257d79fc1e0c384d0fb has-global-padding is-content-justification-right is-layout-constrained wp-container-core-group-is-layout-3684c84c wp-block-group-is-layout-constrained has-background\" style=\"border-style:none;border-width:0px;border-radius:2px;min-height:0px;margin-top:0;margin-bottom:0;padding-top:var(--wp--preset--spacing--20);padding-right:var(--wp--preset--spacing--30);padding-bottom:var(--wp--preset--spacing--20);padding-left:var(--wp--preset--spacing--30);background-image:url(&apos;https:\/\/kildu.ee\/kulalistemaja\/wp-content\/uploads\/2024\/10\/20230402_105504.png&apos;);background-position:45% 28.000000000000004%;background-size:cover;\">\n<p class=\"has-foreground-color has-text-color has-medium-font-size\" style=\"margin-top:16px\">Kildu k\u00fclalistemaja on ideaalne sihtkoht neile, kes otsivad rahulikku puhkust v\u00f5i t\u00f6\u00f6alast majutust Viljandimaal. Pakume hubaseid tube, hommikus\u00f6\u00f6ki, sauna ning k\u00f6\u00f6gi kasutamise v\u00f5imalust.<\/p>\n\n\n\n<p class=\"has-foreground-color has-text-color has-medium-font-size\" style=\"margin-top:16px\">Tule ja veeda aega Kildu k\u00fclalistemajas!<\/p>\n\n\n\n<div class=\"wp-block-buttons is-layout-flex wp-container-core-buttons-is-layout-cb674176 wp-block-buttons-is-layout-flex\" style=\"margin-top:var(--wp--preset--spacing--30)\">\n<div class=\"wp-block-button\"><a class=\"wp-block-button__link has-tertiary-background-color has-background wp-element-button\" href=\"https:\/\/www.booking.com\/hotel\/ee\/kildu-kullalistemaja.et.html\">Broneeri kohe<\/a><\/div>\n<\/div>\n<\/div>\n<\/div>\n<\/div>\n<\/div><\/div>\n<\/div>\n\n\n\n<div class=\"wp-block-group alignfull has-tertiary-background-color has-background has-global-padding is-layout-constrained wp-container-core-group-is-layout-7276a2bb wp-block-group-is-layout-constrained\" id=\"meist\" style=\"margin-top:0;margin-bottom:0;padding-top:var(--wp--preset--spacing--60);padding-right:var(--wp--preset--spacing--30);padding-bottom:var(--wp--preset--spacing--60);padding-left:var(--wp--preset--spacing--30)\">\n<div class=\"wp-block-columns alignwide is-layout-flex wp-container-core-columns-is-layout-47c06fe3 wp-block-columns-is-layout-flex\">\n<div class=\"wp-block-column is-layout-flow wp-block-column-is-layout-flow\" style=\"flex-basis:50%\">\n<h2 class=\"wp-block-heading has-text-align-left has-large-font-size\">Kildu k\u00fclalistemaja on ideaalne sihtkoht neile, kes otsivad rahulikku puhkust v\u00f5i t\u00f6\u00f6alast majutust.<\/h2>\n<\/div>\n\n\n\n<div class=\"wp-block-column is-layout-flow wp-container-core-column-is-layout-f5bb311e wp-block-column-is-layout-flow\" style=\"flex-basis:50%\">\n<p>Kildu k\u00fclalistemaja asub Viljandimaal Soomaa servas looduskaunis paigas. Kildu k\u00fclalistemaja on rajatud \u00fcle saja aasta tagasi ehitatud endise Kildu koolimaja hoonesse.<\/p>\n\n\n\n<p>K\u00fclalistemaja pakub majutusteenust ning seminaride, s\u00fcnnip\u00e4evade, pulmade, peiede, suvep\u00e4evade ja laagrite korraldamise v\u00f5imalust. K\u00fclalistemajas on kolm erineva suurusega saali, saunakompleks ja toad majutamiseks.<\/p>\n\n\n\n<p>Kildu k\u00fclalistemaja pakub majutusteenust koos hommikus\u00f6\u00f6giga erinevate suurustega tubades. Kuna tegemist on endise koolimajaga, kannavad toad erinevate \u00f5ppeainete nimetusi. Nii ongi Kildul v\u00f5imalik veeta \u00f6\u00f6 rehkendamise, maateaduse, kunsti\u00f5petuse, keemia ja f\u00fc\u00fcsika ning erinevate keelte vastavalt sisekujundatud tubades.<\/p>\n\n\n\n<p>Meie s\u00f5bralik ja professionaalne personal on alati valmis teid abistama ning tagama teie heaolu.<\/p>\n\n\n\n<p>K\u00fclalistemaja asub Eesti pealinnast Tallinnast 143 km, maakonnakeskusest Viljandist 18 km ja valla keskusest Suure-Jaanist 7 km kaugusel.<\/p>\n<\/div>\n<\/div>\n<\/div>\n\n\n\n<div class=\"wp-block-group alignfull has-background-background-color has-background has-global-padding is-layout-constrained wp-container-core-group-is-layout-52154694 wp-block-group-is-layout-constrained\" style=\"margin-top:0;margin-bottom:0;padding-top:0;padding-right:0;padding-bottom:0;padding-left:0\">\n<div class=\"wp-block-cover alignfull\" style=\"padding-top:var(--wp--preset--spacing--60);padding-right:var(--wp--preset--spacing--30);padding-bottom:var(--wp--preset--spacing--60);padding-left:var(--wp--preset--spacing--30);min-height:50vh;aspect-ratio:unset;\"><span aria-hidden=\"true\" class=\"wp-block-cover__background has-black-background-color has-background-dim-60 has-background-dim\"><\/span><img loading=\"lazy\" decoding=\"async\" width=\"2560\" height=\"1708\" class=\"wp-block-cover__image-background wp-image-83\" alt=\"\" src=\"https:\/\/kildu.ee\/kulalistemaja\/wp-content\/uploads\/2024\/10\/Greete-pulmad3-scaled.jpg\" data-object-fit=\"cover\" srcset=\"https:\/\/kildu.ee\/kulalistemaja\/wp-content\/uploads\/2024\/10\/Greete-pulmad3-scaled.jpg 2560w, https:\/\/kildu.ee\/kulalistemaja\/wp-content\/uploads\/2024\/10\/Greete-pulmad3-300x200.jpg 300w, https:\/\/kildu.ee\/kulalistemaja\/wp-content\/uploads\/2024\/10\/Greete-pulmad3-1024x683.jpg 1024w, https:\/\/kildu.ee\/kulalistemaja\/wp-content\/uploads\/2024\/10\/Greete-pulmad3-768x513.jpg 768w, https:\/\/kildu.ee\/kulalistemaja\/wp-content\/uploads\/2024\/10\/Greete-pulmad3-1536x1025.jpg 1536w, https:\/\/kildu.ee\/kulalistemaja\/wp-content\/uploads\/2024\/10\/Greete-pulmad3-2048x1367.jpg 2048w\" sizes=\"auto, (max-width: 2560px) 100vw, 2560px\" \/><div class=\"wp-block-cover__inner-container is-layout-flow wp-block-cover-is-layout-flow\">\n<div class=\"wp-block-group has-global-padding is-layout-constrained wp-block-group-is-layout-constrained\">\n<h2 class=\"wp-block-heading has-text-align-center has-white-color has-text-color has-large-font-size\">Pakume toitlustamist Kildu k\u00fclalistemajas ning cateringi v\u00e4ljaspool<\/h2>\n\n\n\n<p class=\"has-text-align-center has-white-color has-text-color\" style=\"margin-top:16px\">Kildu k\u00fclalistemaja kolm saali mahutavad erinevateks \u00fcritusteks 15-100 inimest. Pakume toitlustamist k\u00fclalistemajas kohapeal, aga ka cateringiteenust v\u00e4ljaspool k\u00fclalistemaja.<\/p>\n\n\n\n<p class=\"has-text-align-center has-white-color has-text-color\" style=\"margin-top:16px\">Kildu k\u00fclallistemajas tegutseb ka kondiitri- ja pagari\u00e4ri.<\/p>\n<\/div>\n<\/div><\/div>\n<\/div>\n\n\n\n<div class=\"wp-block-group alignfull has-background-background-color has-background has-global-padding is-layout-constrained wp-container-core-group-is-layout-254d6575 wp-block-group-is-layout-constrained\" id=\"kontakt\" style=\"margin-top:0;margin-bottom:0;padding-top:var(--wp--preset--spacing--60);padding-right:var(--wp--preset--spacing--30);padding-bottom:var(--wp--preset--spacing--60);padding-left:var(--wp--preset--spacing--30)\">\n<h2 class=\"wp-block-heading has-text-align-center has-large-font-size\">V\u00f5ta meiega \u00fchendust, et broneerida oma puhkus Kildul<\/h2>\n\n\n\n<p class=\"has-text-align-center\"><strong>Kildu k\u00fclalistemaja<\/strong><\/p>\n\n\n\n<p class=\"has-text-align-center\" style=\"margin-top:0;margin-bottom:0\"><strong>Kooli, Kildu k\u00fcla, P\u00f5hja-Sakala vald, Viljandimaa<\/strong><\/p>\n\n\n\n<p class=\"has-text-align-center has-small-font-size\" style=\"margin-top:8px\">+372 5822 5650<\/p>\n\n\n\n<p class=\"has-text-align-center has-small-font-size\" style=\"margin-top:8px\">kildu@kildu.ee<\/p>\n<\/div>\n\n\n\n<div class=\"wp-block-group alignfull has-tertiary-background-color has-background has-global-padding is-layout-constrained wp-container-core-group-is-layout-c03f3b2a wp-block-group-is-layout-constrained\" style=\"padding-top:var(--wp--preset--spacing--60);padding-right:var(--wp--preset--spacing--30);padding-bottom:var(--wp--preset--spacing--60);padding-left:var(--wp--preset--spacing--30)\">\n<div class=\"wp-block-media-text alignwide has-media-on-the-right is-stacked-on-mobile is-vertically-aligned-center is-image-fill\" style=\"padding-right:0;padding-left:0;grid-template-columns:auto 40%\"><div class=\"wp-block-media-text__content\">\n<div class=\"wp-block-group has-global-padding is-content-justification-left is-layout-constrained wp-container-core-group-is-layout-cdff7eec wp-block-group-is-layout-constrained\" style=\"padding-top:var(--wp--preset--spacing--30);padding-right:0;padding-bottom:var(--wp--preset--spacing--30);padding-left:0\">\n<h2 class=\"wp-block-heading has-large-font-size\">Broneeri puhkus v\u00f5i \u00fcritus Kildu k\u00fclalistemajas<\/h2>\n\n\n\n<p style=\"margin-top:16px\">Tere tulemast Kildu k\u00fclalistemajja, kus saad nautida ajaloolist milj\u00f6\u00f6d, hubast majutust, hommikus\u00f6\u00f6ki ja saunam\u00f5nusid.<\/p>\n\n\n\n<ul style=\"line-height:2\" class=\"wp-block-list has-small-font-size\">\n<li>Hubane majutus ajaloolises hoones<\/li>\n\n\n\n<li>Saunam\u00f5nud<\/li>\n\n\n\n<li>Seminar<\/li>\n\n\n\n<li>\u00dcritus<\/li>\n\n\n\n<li>Catering<\/li>\n<\/ul>\n<\/div>\n<\/div><figure class=\"wp-block-media-text__media\" style=\"background-image:url(https:\/\/kildu.ee\/kulalistemaja\/wp-content\/uploads\/2024\/10\/20230402_114743-1024x578.jpg);background-position:0% 56%\"><img loading=\"lazy\" decoding=\"async\" width=\"1024\" height=\"578\" src=\"https:\/\/kildu.ee\/kulalistemaja\/wp-content\/uploads\/2024\/10\/20230402_114743-1024x578.jpg\" alt=\"\" class=\"wp-image-86 size-full\" srcset=\"https:\/\/kildu.ee\/kulalistemaja\/wp-content\/uploads\/2024\/10\/20230402_114743-1024x578.jpg 1024w, https:\/\/kildu.ee\/kulalistemaja\/wp-content\/uploads\/2024\/10\/20230402_114743-300x169.jpg 300w, https:\/\/kildu.ee\/kulalistemaja\/wp-content\/uploads\/2024\/10\/20230402_114743-768x433.jpg 768w, https:\/\/kildu.ee\/kulalistemaja\/wp-content\/uploads\/2024\/10\/20230402_114743-1536x866.jpg 1536w, https:\/\/kildu.ee\/kulalistemaja\/wp-content\/uploads\/2024\/10\/20230402_114743-2048x1155.jpg 2048w\" sizes=\"auto, (max-width: 1024px) 100vw, 1024px\" \/><\/figure><\/div>\n<\/div>\n","protected":false},"excerpt":{"rendered":"<p>Kildu k\u00fclalistemaja on ideaalne sihtkoht neile, kes otsivad rahulikku puhkust v\u00f5i t\u00f6\u00f6alast majutust. Kildu k\u00fclalistemaja asub Viljandimaal Soomaa servas looduskaunis paigas. Kildu k\u00fclalistemaja on rajatud \u00fcle saja aasta tagasi ehitatud endise Kildu koolimaja hoonesse. K\u00fclalistemaja pakub majutusteenust ning seminaride, s\u00fcnnip\u00e4evade, pulmade, peiede, suvep\u00e4evade ja laagrite korraldamise v\u00f5imalust. K\u00fclalistemajas on kolm erineva suurusega saali, saunakompleks ja [&hellip;]<\/p>\n","protected":false},"author":1,"featured_media":0,"parent":0,"menu_order":0,"comment_status":"closed","ping_status":"closed","template":"no-title","meta":{"_monsterinsights_skip_tracking":false,"_monsterinsights_sitenote_active":false,"_monsterinsights_sitenote_note":"","_monsterinsights_sitenote_category":0,"ngg_post_thumbnail":0,"footnotes":""},"class_list":["post-18","page","type-page","status-publish","hentry"],"aioseo_notices":[],"_links":{"self":[{"href":"https:\/\/kildu.ee\/kulalistemaja\/wp-json\/wp\/v2\/pages\/18","targetHints":{"allow":["GET"]}}],"collection":[{"href":"https:\/\/kildu.ee\/kulalistemaja\/wp-json\/wp\/v2\/pages"}],"about":[{"href":"https:\/\/kildu.ee\/kulalistemaja\/wp-json\/wp\/v2\/types\/page"}],"author":[{"embeddable":true,"href":"https:\/\/kildu.ee\/kulalistemaja\/wp-json\/wp\/v2\/users\/1"}],"replies":[{"embeddable":true,"href":"https:\/\/kildu.ee\/kulalistemaja\/wp-json\/wp\/v2\/comments?post=18"}],"version-history":[{"count":20,"href":"https:\/\/kildu.ee\/kulalistemaja\/wp-json\/wp\/v2\/pages\/18\/revisions"}],"predecessor-version":[{"id":367,"href":"https:\/\/kildu.ee\/kulalistemaja\/wp-json\/wp\/v2\/pages\/18\/revisions\/367"}],"wp:attachment":[{"href":"https:\/\/kildu.ee\/kulalistemaja\/wp-json\/wp\/v2\/media?parent=18"}],"curies":[{"name":"wp","href":"https:\/\/api.w.org\/{rel}","templated":true}]}}

<div class="wp-block-group alignfull has-background-background-color has-background has-global-padding is-layout-constrained wp-container-core-group-is-layout-832022f9 wp-block-group-is-layout-constrained" style="margin-top:0;margin-bottom:0;padding-top:0;padding-right:0;padding-bottom:0;padding-left:0">
<div class="wp-block-cover alignfull is-light" style="min-height:80vh;aspect-ratio:unset;"><span aria-hidden="true" class="wp-block-cover__background has-background-dim-0 has-background-dim" style="background-color:#8f8d89"></span><img loading="lazy" decoding="async" width="2208" height="789" class="wp-block-cover__image-background wp-image-74" alt="" src="https://kildu.ee/kulalistemaja/wp-content/uploads/2024/09/KilduMajauld.jpg" data-object-fit="cover" srcset="https://kildu.ee/kulalistemaja/wp-content/uploads/2024/09/KilduMajauld.jpg 2208w, https://kildu.ee/kulalistemaja/wp-content/uploads/2024/09/KilduMajauld-300x107.jpg 300w, https://kildu.ee/kulalistemaja/wp-content/uploads/2024/09/KilduMajauld-1024x366.jpg 1024w, https://kildu.ee/kulalistemaja/wp-content/uploads/2024/09/KilduMajauld-768x274.jpg 768w, https://kildu.ee/kulalistemaja/wp-content/uploads/2024/09/KilduMajauld-1536x549.jpg 1536w, https://kildu.ee/kulalistemaja/wp-content/uploads/2024/09/KilduMajauld-2048x732.jpg 2048w" sizes="auto, (max-width: 2208px) 100vw, 2208px" /><div class="wp-block-cover__inner-container is-layout-flow wp-block-cover-is-layout-flow">
<div class="wp-block-group is-horizontal is-content-justification-center is-layout-flex wp-container-core-group-is-layout-53092dc9 wp-block-group-is-layout-flex" style="padding-top:var(--wp--preset--spacing--80);padding-bottom:var(--wp--preset--spacing--80)">
<div class="wp-block-group alignwide has-global-padding is-content-justification-left is-layout-constrained wp-container-core-group-is-layout-adab5277 wp-block-group-is-layout-constrained" style="padding-top:0;padding-right:0;padding-bottom:0;padding-left:0">
<div class="wp-block-group wp-elements-af8b39c162d7a257d79fc1e0c384d0fb has-global-padding is-content-justification-right is-layout-constrained wp-container-core-group-is-layout-3684c84c wp-block-group-is-layout-constrained has-background" style="border-style:none;border-width:0px;border-radius:2px;min-height:0px;margin-top:0;margin-bottom:0;padding-top:var(--wp--preset--spacing--20);padding-right:var(--wp--preset--spacing--30);padding-bottom:var(--wp--preset--spacing--20);padding-left:var(--wp--preset--spacing--30);background-image:url(&apos;https://kildu.ee/kulalistemaja/wp-content/uploads/2024/10/20230402_105504.png&apos;);background-position:45% 28.000000000000004%;background-size:cover;">
<p class="has-foreground-color has-text-color has-medium-font-size" style="margin-top:16px">Kildu külalistemaja on ideaalne sihtkoht neile, kes otsivad rahulikku puhkust või tööalast majutust Viljandimaal. Pakume hubaseid tube, hommikusööki, sauna ning köögi kasutamise võimalust.</p>



<p class="has-foreground-color has-text-color has-medium-font-size" style="margin-top:16px">Tule ja veeda aega Kildu külalistemajas!</p>



<div class="wp-block-buttons is-layout-flex wp-container-core-buttons-is-layout-cb674176 wp-block-buttons-is-layout-flex" style="margin-top:var(--wp--preset--spacing--30)">
<div class="wp-block-button"><a class="wp-block-button__link has-tertiary-background-color has-background wp-element-button" href="https://www.booking.com/hotel/ee/kildu-kullalistemaja.et.html">Broneeri kohe</a></div>
</div>
</div>
</div>
</div>
</div></div>
</div>



<div class="wp-block-group alignfull has-tertiary-background-color has-background has-global-padding is-layout-constrained wp-container-core-group-is-layout-7276a2bb wp-block-group-is-layout-constrained" id="meist" style="margin-top:0;margin-bottom:0;padding-top:var(--wp--preset--spacing--60);padding-right:var(--wp--preset--spacing--30);padding-bottom:var(--wp--preset--spacing--60);padding-left:var(--wp--preset--spacing--30)">
<div class="wp-block-columns alignwide is-layout-flex wp-container-core-columns-is-layout-47c06fe3 wp-block-columns-is-layout-flex">
<div class="wp-block-column is-layout-flow wp-block-column-is-layout-flow" style="flex-basis:50%">
<h2 class="wp-block-heading has-text-align-left has-large-font-size">Kildu külalistemaja on ideaalne sihtkoht neile, kes otsivad rahulikku puhkust või tööalast majutust.</h2>
</div>



<div class="wp-block-column is-layout-flow wp-container-core-column-is-layout-f5bb311e wp-block-column-is-layout-flow" style="flex-basis:50%">
<p>Kildu külalistemaja asub Viljandimaal Soomaa servas looduskaunis paigas. Kildu külalistemaja on rajatud üle saja aasta tagasi ehitatud endise Kildu koolimaja hoonesse.</p>



<p>Külalistemaja pakub majutusteenust ning seminaride, sünnipäevade, pulmade, peiede, suvepäevade ja laagrite korraldamise võimalust. Külalistemajas on kolm erineva suurusega saali, saunakompleks ja toad majutamiseks.</p>



<p>Kildu külalistemaja pakub majutusteenust koos hommikusöögiga erinevate suurustega tubades. Kuna tegemist on endise koolimajaga, kannavad toad erinevate õppeainete nimetusi. Nii ongi Kildul võimalik veeta öö rehkendamise, maateaduse, kunstiõpetuse, keemia ja füüsika ning erinevate keelte vastavalt sisekujundatud tubades.</p>



<p>Meie sõbralik ja professionaalne personal on alati valmis teid abistama ning tagama teie heaolu.</p>



<p>Külalistemaja asub Eesti pealinnast Tallinnast 143 km, maakonnakeskusest Viljandist 18 km ja valla keskusest Suure-Jaanist 7 km kaugusel.</p>
</div>
</div>
</div>



<div class="wp-block-group alignfull has-background-background-color has-background has-global-padding is-layout-constrained wp-container-core-group-is-layout-52154694 wp-block-group-is-layout-constrained" style="margin-top:0;margin-bottom:0;padding-top:0;padding-right:0;padding-bottom:0;padding-left:0">
<div class="wp-block-cover alignfull" style="padding-top:var(--wp--preset--spacing--60);padding-right:var(--wp--preset--spacing--30);padding-bottom:var(--wp--preset--spacing--60);padding-left:var(--wp--preset--spacing--30);min-height:50vh;aspect-ratio:unset;"><span aria-hidden="true" class="wp-block-cover__background has-black-background-color has-background-dim-60 has-background-dim"></span><img loading="lazy" decoding="async" width="2560" height="1708" class="wp-block-cover__image-background wp-image-83" alt="" src="https://kildu.ee/kulalistemaja/wp-content/uploads/2024/10/Greete-pulmad3-scaled.jpg" data-object-fit="cover" srcset="https://kildu.ee/kulalistemaja/wp-content/uploads/2024/10/Greete-pulmad3-scaled.jpg 2560w, https://kildu.ee/kulalistemaja/wp-content/uploads/2024/10/Greete-pulmad3-300x200.jpg 300w, https://kildu.ee/kulalistemaja/wp-content/uploads/2024/10/Greete-pulmad3-1024x683.jpg 1024w, https://kildu.ee/kulalistemaja/wp-content/uploads/2024/10/Greete-pulmad3-768x513.jpg 768w, https://kildu.ee/kulalistemaja/wp-content/uploads/2024/10/Greete-pulmad3-1536x1025.jpg 1536w, https://kildu.ee/kulalistemaja/wp-content/uploads/2024/10/Greete-pulmad3-2048x1367.jpg 2048w" sizes="auto, (max-width: 2560px) 100vw, 2560px" /><div class="wp-block-cover__inner-container is-layout-flow wp-block-cover-is-layout-flow">
<div class="wp-block-group has-global-padding is-layout-constrained wp-block-group-is-layout-constrained">
<h2 class="wp-block-heading has-text-align-center has-white-color has-text-color has-large-font-size">Pakume toitlustamist Kildu külalistemajas ning cateringi väljaspool</h2>



<p class="has-text-align-center has-white-color has-text-color" style="margin-top:16px">Kildu külalistemaja kolm saali mahutavad erinevateks üritusteks 15-100 inimest. Pakume toitlustamist külalistemajas kohapeal, aga ka cateringiteenust väljaspool külalistemaja.</p>



<p class="has-text-align-center has-white-color has-text-color" style="margin-top:16px">Kildu külallistemajas tegutseb ka kondiitri- ja pagariäri.</p>
</div>
</div></div>
</div>



<div class="wp-block-group alignfull has-background-background-color has-background has-global-padding is-layout-constrained wp-container-core-group-is-layout-254d6575 wp-block-group-is-layout-constrained" id="kontakt" style="margin-top:0;margin-bottom:0;padding-top:var(--wp--preset--spacing--60);padding-right:var(--wp--preset--spacing--30);padding-bottom:var(--wp--preset--spacing--60);padding-left:var(--wp--preset--spacing--30)">
<h2 class="wp-block-heading has-text-align-center has-large-font-size">Võta meiega ühendust, et broneerida oma puhkus Kildul</h2>



<p class="has-text-align-center"><strong>Kildu külalistemaja</strong></p>



<p class="has-text-align-center" style="margin-top:0;margin-bottom:0"><strong>Kooli, Kildu küla, Põhja-Sakala vald, Viljandimaa</strong></p>



<p class="has-text-align-center has-small-font-size" style="margin-top:8px">+372 5822 5650</p>



<p class="has-text-align-center has-small-font-size" style="margin-top:8px">kildu@kildu.ee</p>
</div>



<div class="wp-block-group alignfull has-tertiary-background-color has-background has-global-padding is-layout-constrained wp-container-core-group-is-layout-c03f3b2a wp-block-group-is-layout-constrained" style="padding-top:var(--wp--preset--spacing--60);padding-right:var(--wp--preset--spacing--30);padding-bottom:var(--wp--preset--spacing--60);padding-left:var(--wp--preset--spacing--30)">
<div class="wp-block-media-text alignwide has-media-on-the-right is-stacked-on-mobile is-vertically-aligned-center is-image-fill" style="padding-right:0;padding-left:0;grid-template-columns:auto 40%"><div class="wp-block-media-text__content">
<div class="wp-block-group has-global-padding is-content-justification-left is-layout-constrained wp-container-core-group-is-layout-cdff7eec wp-block-group-is-layout-constrained" style="padding-top:var(--wp--preset--spacing--30);padding-right:0;padding-bottom:var(--wp--preset--spacing--30);padding-left:0">
<h2 class="wp-block-heading has-large-font-size">Broneeri puhkus või üritus Kildu külalistemajas</h2>



<p style="margin-top:16px">Tere tulemast Kildu külalistemajja, kus saad nautida ajaloolist miljööd, hubast majutust, hommikusööki ja saunamõnusid.</p>



<ul style="line-height:2" class="wp-block-list has-small-font-size">
<li>Hubane majutus ajaloolises hoones</li>



<li>Saunamõnud</li>



<li>Seminar</li>



<li>Üritus</li>



<li>Catering</li>
</ul>
</div>
</div><figure class="wp-block-media-text__media" style="background-image:url(https://kildu.ee/kulalistemaja/wp-content/uploads/2024/10/20230402_114743-1024x578.jpg);background-position:0% 56%"><img loading="lazy" decoding="async" width="1024" height="578" src="https://kildu.ee/kulalistemaja/wp-content/uploads/2024/10/20230402_114743-1024x578.jpg" alt="" class="wp-image-86 size-full" srcset="https://kildu.ee/kulalistemaja/wp-content/uploads/2024/10/20230402_114743-1024x578.jpg 1024w, https://kildu.ee/kulalistemaja/wp-content/uploads/2024/10/20230402_114743-300x169.jpg 300w, https://kildu.ee/kulalistemaja/wp-content/uploads/2024/10/20230402_114743-768x433.jpg 768w, https://kildu.ee/kulalistemaja/wp-content/uploads/2024/10/20230402_114743-1536x866.jpg 1536w, https://kildu.ee/kulalistemaja/wp-content/uploads/2024/10/20230402_114743-2048x1155.jpg 2048w" sizes="auto, (max-width: 1024px) 100vw, 1024px" /></figure></div>
</div>

<p>Kildu külalistemaja on ideaalne sihtkoht neile, kes otsivad rahulikku puhkust või tööalast majutust. Kildu külalistemaja asub Viljandimaal Soomaa servas looduskaunis paigas. Kildu külalistemaja on rajatud üle saja aasta tagasi ehitatud endise Kildu koolimaja hoonesse. Külalistemaja pakub majutusteenust ning seminaride, sünnipäevade, pulmade, peiede, suvepäevade ja laagrite korraldamise võimalust. Külalistemajas on kolm erineva suurusega saali, saunakompleks ja [&hellip;]</p>
